. Let x(a) = 2*a**3 + a**2 - a. Let f be x(1). Let n(q) = 8*q - 16*q - f + q**2 + 1 + 7*q. What is n(g)?
5
Let a be ((-52)/(-4) + 3)*(-14)/7. Let k be a/(-20) + (-1)/(-15)*6. Let o(q) = 2*q**3 + q**2 - 4*q + 3. Give o(k).
15
Let z be (7 - -85)*3/(-6). Let d = 48 + z. Let a(y) = y**3 - d*y**3 - 44*y**2 + 48*y**2 + 3*y. What is a(5)?
-10
Let q(f) = -f**2 + 9*f - 1. Let y(v) = -2*v**2 + 14*v - 8. Let r(h) = q(h) - y(h). Determine r(5).
7
Let f(d) = 10 + 0 - 10 + 5*d - 14. What is f(-8)?
-54
Let p(j) = j**3 + 5*j**2 + 3*j - 8. Let x be p(-4). Let k be 39/9 + x/12. Suppose 0 = -k*a - 11 + 27. Let u(f) = f**3 - 4*f**2 + 2*f - 6. What is u(a)?
2
Let r(k) be the first derivative of 2*k**3/3 - 11*k**2 - 12*k + 5011. What is r(11)?
-12
Let w(y) = -6*y - 12. Let q be (8/16)/(1/2). Let b(v) = -304 + 11*v + 306 - 10*v. Let k(m) = q*w(m) + 5*b(m). Calculate k(2).
-4
Let s(r) be the first derivative of -7*r**2/2 + 18*r - 1458. Determine s(0).
18
Let b(t) be the second derivative of -10*t**3/3 + 25*t**2 - 6688*t. Calculate b(2).
10
Let m(f) = f**3 - 12*f**2 + 30*f + 25. Let k be m(11). Let c(v) = -229*v + 4 + k*v - 1 - v**2. Give c(4).
7
Let u(k) = k**2. Let l(n) = -5*n**2 - 8*n - 1. Let p(m) = -l(m) - 6*u(m). Let b = 3016 + -3010. Give p(b).
13
Let f(h) = -h**2 - 13*h + 3. Let d be f(-13). Suppose 6 = 4*z - d*z. Let c(k) = 58*k - 136*k + 75*k - 2. Give c(z).
-20
Suppose 253 = -6*w + 8*w + 21*w. Let i(k) = 4*k**2 - 41*k - 18. Give i(w).
15
Let d(o) = 5*o - 36. Suppose -4*t = -2*b - 22, 35 = t + 6*b - 3. Give d(t).
4
Let m(f) be the third derivative of 1/24*f**4 + 0 + 0*f**3 + 11/120*f**6 + 0*f**5 + 4*f - 3*f**2. Let i(g) = -g**2 - 2*g - 1. Let w be i(-2). What is m(w)?
-12
Let j(b) = 15*b + 36. Let n = 15123 - 15123. Calculate j(n).
36
Let r = -379 + 520. Suppose 12*u - 237 = -r. Let o(d) = d - 5. Give o(u).
3
Suppose 0 = x - i + 3, 3*i + 0*i = -3*x + 15. Let p = x - 5. Let c(a) = -3*a**2 + a**3 + 1 + 2*a**2 - 2 - 4*a + 0 + 4*a**2. What is c(p)?
-1
Let p(f) = -f + 14. Let i(l) = -l**3 + 6*l**2 - 8*l - 3. Let d be i(4). Let x be 3*(2/(-5))/(d/(-5)). Let b be (-4)/3*(25/x + 8). What is p(b)?
8
Let r(x) = 74*x + 287. Suppose -48*w - 154*w - 808 = 0. Calculate r(w).
-9
Suppose 0 = 42*l - 14*l - 168. Let j(o) be the first derivative of o**3/3 - 3*o**2/2 - 3*o + 265. Calculate j(l).
15
Let b be (0 + (-6)/(-9))/((-2)/(-81)). Let r be (25 - b)/(0 + -2*1). Let w(h) = -77*h + 2 - 75*h + 159*h - 3. Calculate w(r).
6
Let g(h) = -h**2 + h + 6. Let a = -408 - -404. Calculate g(a).
-14
Suppose -5*j = -11*j + 6. Suppose -j + 29 = -3*w + 5*a, -3*a = -4*w - 19. Let o(u) = -10*u - 1. What is o(w)?
9
Let c(d) be the second derivative of -d**4/12 - 5*d**3/6 - 3*d**2/2 - 18*d + 554. Let y = 3 - 8. Let m be (-2)/y - 12/5. Give c(m).
3
Let i(h) = 14173 - 14136 + 6*h - 2*h. Give i(-4).
21
Let y(d) = 3*d + 19. Let v(o) = -2*o**2 - 58*o - 263. Let z be v(-6). Give y(z).
58
Suppose 32*i + 37*i - 27 = 78*i. Let t(l) = 4*l**3 - 2*l**2 - 3*l - 1. Calculate t(i).
-118
Let u be 0/2 - (-12)/2. Let b be u/8 - (-198)/24. Let n(g) = g**3 - 8*g**2 - 9*g + 3. What is n(b)?
3
Let n(c) = c**3 + 2*c. Let l(b) = -5*b**3 - b**2 - 5*b + 1. Let v(q) = l(q) + 2*n(q). Let a be v(-1). Let p(j) = -j - 6. Determine p(a).
-10
Let v = -27 - -39. Suppose 0 = 3*k - k - v. Let w(o) = -k - 7*o - 5 + 14*o - 5*o. Determine w(8).
5
Let r be (327/545 + 6/(-10))/4. Let f(j) = -j**2 + 8*j + 5. Calculate f(r).
5
Let g(z) = z**3 - 63483*z**2 - 28*z + 3 + 63485*z**2 + 30*z. Suppose 0 = b - 4*n + 6 + 16, -2*n + 14 = -2*b. What is g(b)?
-1
Let d(x) = 10*x + 3. Let v = 25 - 27. Let y be ((-11)/22)/(v/(-248)). Let q = 59 + y. Determine d(q).
-27
Let b(h) = -4*h**2 - 31*h + 10. Let y be b(-8). Let r(z) = 2*z**2 + 8*z + 14. Let m(t) = t**2 + 7*t + 12. Let g(l) = y*r(l) - 3*m(l). Give g(7).
6
Let h(w) = -11 + 13*w**2 + 14*w + 8 - w**3 - 15*w - 17*w**2 - 4*w. Calculate h(-1).
-1
Let z(l) = 23*l**2 + 13*l - 12. Let g be z(1). Suppose -30 = -g*u + 18*u. Let n(q) = -2*q - 1. Give n(u).
-11
Let i(b) = 25*b**2 + 5. Let c(q) = -24*q**2 - 4. Suppose -23 = -3*l - 8. Let u(o) = l*i(o) + 6*c(o). Suppose 0 = n + 2*f + 7, -1 = -n + f + 1. What is u(n)?
-18
Let u(f) = 2*f - 4. Suppose 5*i - 5*s = 1660, -i + 8*s + 336 = 3*s. Let n = i + -326. Determine u(n).
6
Suppose 4*m - 8 = 4*v, 2*v + m = -5 - 2. Let t(s) = s**2 + 5*s. Let a(g) = -g**2 - 4*g. Let r(l) = -6*a(l) - 4*t(l). Calculate r(v).
6
Let y = -5744 - -5734. Let n(x) = x**2 + 15*x + 15. Calculate n(y).
-35
Suppose 0 = -4*k + 3*x + 13, -17 + 21 = -3*k + 5*x. Let o(m) = -2*m**2 + 14*m + 5. What is o(k)?
5
Let i(n) be the first derivative of -n**5/20 + 2*n**4/3 + 11*n**3/6 - 4*n**2 - 304*n + 74. Let u(y) be the first derivative of i(y). What is u(9)?
10
Let o = -2964 + 2959. Let a(q) = q**3 + 2*q**2 - 11*q + 15. Determine a(o).
-5
Let m(y) = -y + 1. Suppose -39*t = -13*t - 910. Suppose 23*o - 16*o + t = 0. What is m(o)?
6
Let h(y) = -2*y**2 + 10*y - 517 - 523 + 1074. Determine h(7).
6
Let m(j) = -15*j**3 - 45*j**2 - 28*j - 90. Let z(y) = -7*y**3 - 22*y**2 - 14*y - 39. Let g(p) = 6*m(p) - 13*z(p). Calculate g(-15).
-18
Let u(o) be the third derivative of o**5/60 + o**4/24 - 13*o**3/3 - 70*o**2 - 2. Give u(-6).
4
Let x(m) = -2*m**2 + 7*m + 2. Let o(r) = -16*r + 95. Let t be o(5). Let b(f) = f**2 - 17*f + 35. Let j be b(t). Give x(j).
-13
Let l be (-16)/(-7) + 4/(-14). Let t be 3/(72/6)*-4 + 4. Suppose 5 = z, -t*v - 40 = l*v - 5*z. Let m(g) = g**3 + 5*g**2 + 3*g + 3. What is m(v)?
12
Let x = 12 + -7. Let l(r) = -3*r**3 - 10*r - 6. Let d(i) = 2*i**3 + i**2 + 9*i + 3. Let k(a) = -4*d(a) - 3*l(a). Determine k(x).
1
Let p(l) = 19*l + l + 0*l**3 + 26 + 970*l**2 - 509*l**2 - l**3 - 481*l**2. What is p(-21)?
47
Let u(h) be the third derivative of -h**5/30 + h**4/2 + 13*h**3/3 + 84*h**2. Let q be u(8). Let y(r) = -r + 1. Calculate y(q).
7
Suppose -5*g - 362 = -2*s, -3*g + 357 = 3*s - 186. Let r = -176 + s. Let p(c) = -c**3 + 4*c**2 + 6*c + 6. Calculate p(r).
11
Let t(g) = 6*g. Let s = -569 + 572. Suppose 3*a - 9 = -2*c, -s*c = 30*a - 26*a - 11. Calculate t(a).
30
Let t(h) = -h**3 - 4*h**2 - 2*h - 2. Let v = -103 - -104. Let g be (-2 - v/(-2)) + 28/(-56). What is t(g)?
-6
Let u(j) = j**2 + 8*j + 11. Let b(k) be the second derivative of -k**2/2 - 61*k. Let g(s) = 6*b(s) + u(s). Determine g(-6).
-7
Let b(d) = 11312 - 8*d + 4*d + 11311 - 22611. Calculate b(17).
-56
Let v(q) = 25*q + 57 - q + 333 + 53 - 41. Determine v(-17).
-6
Suppose 0 = 5*c + 79 + 46. Let b be (-5)/c*5 + 13 + 0. Let k(s) = 4 + s - 4*s + s - b. Determine k(-7).
4
Let f(u) = -20*u + 861. Suppose -132*b = -342 - 5334. What is f(b)?
1
Let x(l) = 8 - 5*l - 18*l**3 - 13*l**3 + 32*l**3 + 6*l**2. Let m be (10/15)/((-4)/(-18)). Suppose -3*z + m*p - 12 = 0, -5*p - 19 = z - p. Give x(z).
-6
Let n = 46 + -47. Let b(v) = -v**3 + 2. Give b(n).
3
Let u(r) = r**2 + 10*r - 19. Let x = -3120 + 3106. What is u(x)?
37
Suppose 4*t + 24 = 4*u, 8*t - 4*t = u - 12. Let i be t/(-3) + 352/(-33). Let k(d) = -d**3 - 9*d**2 + 8*d - 9. Determine k(i).
11
Let w(p) be the third derivative of -3*p**4/4 + 111*p**3/2 - 23*p**2 + 28*p. What is w(18)?
9
Let h(p) = -p**3 - 16*p**2 + 5*p - 11. Let g(o) = -446*o + 1322. Let d be g(3). Give h(d).
-91
Let a(f) = -f**2 + 8*f - 8. Let r be a(7). Let i = 81 + -79. Let s(c) = -2*c - 16*c**i + 3*c - 9 + 10. Determine s(r).
-16
Let a(n) = -2*n. Let t(x) = -x**3 + 4*x + 1. Let d be t(-2). Let v(r) = -r - 14. Let m(c) = d*v(c) - a(c). Let f be (-1)/3 - 62/(-6). Calculate m(f).
-4
Let p(v) be the second derivative of -v**3/6 + 3*v**2/2 + 27*v + 1. Let q = 23 + -28. Determine p(q).
8
Let r(t) = -t**2 - 14*t + 100. Let f(z) = -3*z**3 + 89*z**2 + 26*z + 101. Let c be f(30). Give r(c).
5
Let c(k) be the first derivative of k**4/12 + k**3 + 7*k**2/2 - 5*k - 38. Let m(d) be the first derivative of c(d). Let a = -4 - 2. Give m(a).
7
Let o(b) = b**2 - 27*b + 46. Let n be (-21 - -22 - -31) + (-11 + -1)/2. What is o(n)?
20
Let s(o) = -o + 2. Suppose -93*g + 2 = -91*g. Suppose 3*q + 19 = 2*p, -3*q = 2*p - g - 0. Determine s(p).
-3
Let t(n) = -24*n. Let v(u) = -96*u. Let y(q) = -18*t(q) + 4*v(q). Let l(g) = g**2 - 9*g + 21. Let h be l(5). Determine y(h).
48
Let o(b) be the second derivative of b**4/12 + 7*b**3/6 - 9*b**2/2 + 9*b + 385. Calculat